 when 45584 is divided by 228.
212
Calculate the remainder when 2073 is divided by 110.
93
What is the remainder when 6283 is divided by 876?
151
Calculate the remainder when 83536 is divided by 119.
117
What is the remainder when 713 is divided by 631?
82
What is the remainder when 83625 is divided by 2781?
195
Calculate the remainder when 373637 is divided by 1544.
1533
Calculate the remainder when 1030 is divided by 81.
58
What is the remainder when 22333 is divided by 49?
38
What is the remainder when 519 is divided by 30?
9
What is the remainder when 145915 is divided by 523?
521
Calculate the remainder when 3772 is divided by 547.
490
Calculate the remainder when 7579 is divided by 138.
127
What is the remainder when 1479 is divided by 153?
102
Calculate the remainder when 45642 is divided by 15211.
9
Calculate the remainder when 197052 is divided by 9.
6
Calculate the remainder when 132226 is divided by 123.
1
Calculate the remainder when 2964 is divided by 171.
57
What is the remainder when 41302 is divided by 1420?
122
What is the remainder when 49410 is divided by 8234?
6
Calculate the remainder when 98728 is divided by 47.
28
What is the remainder when 220966 is divided by 877?
839
What is the remainder when 45660 is divided by 129?
123
Calculate the remainder when 6977 is divided by 867.
41
What is the remainder when 2440 is divided by 132?
64
Calculate the remainder when 10540 is divided by 10.
0
What is the remainder when 6670 is divided by 202?
4
What is the remainder when 16554 is divided by 5517?
3
Calculate the remainder when 497 is divided by 242.
13
What is the remainder when 340 is divided by 14?
4
What is the remainder when 4187543 is divided by 11?
8
Calculate the remainder when 11236 is divided by 1177.
643
What is the remainder when 1908 is divided by 534?
306
Calculate the remainder when 12094 is divided by 378.
376
Calculate the remainder when 41221 is divided by 95.
86
What is the remainder when 31137 is divided by 36?
33
Calculate the remainder when 17184 is divided by 2864.
0
What is the remainder when 12103 is divided by 15?
13
What is the remainder when 18787 is divided by 122?
121
What is the remainder when 3365 is divided by 374?
373
Calculate the remainder when 3676 is divided by 54.
4
What is the remainder when 653 is divided by 109?
108
What is the remainder when 68796 is divided by 68774?
22
Calculate the remainder when 1389666 is divided by 31.
29
What is the remainder when 8265 is divided by 22?
15
What is the remainder when 68031 is divided by 216?
207
Calculate the remainder when 436 is divided by 312.
124
What is the remainder when 1837 is divided by 40?
37
What is the remainder when 3274830 is divided by 506?
504
What is the remainder when 7771 is divided by 2383?
622
What is the remainder when 73619 is divided by 475?
469
Calculate the remainder when 11445 is divided by 758.
75
Calculate the remainder when 49512 is divided by 14.
8
Calculate the remainder when 569660 is divided by 15.
5
What is the remainder when 17950 is divided by 39?
10
What is the remainder when 428 is divided by 26?
12
What is the remainder when 67332 is divided by 257?
255
Calculate the remainder when 44435 is divided by 202.
197
What is the remainder when 52499 is divided by 20?
19
Calculate the remainder when 316018 is divided by 29.
5
Calculate the remainder when 408975 is divided by 13632.
15
What is the remainder when 21192 is divided by 164?
36
What is the remainder when 10902 is divided by 3620?
42
Calculate the remainder when 2481 is divided by 103.
9
What is the remainder when 2562 is divided by 1691?
871
Calculate the remainder when 49914 is divided by 714.
648
Calculate the remainder when 237 is divided by 113.
11
Calculate the remainder when 106993 is divided by 35.
33
What is the remainder when 11431 is divided by 173?
13
What is the remainder when 1231564 is divided by 1070?
1064
What is the remainder when 11267 is divided by 278?
147
What is the remainder when 4856 is divided by 1614?
14
Calculate the remainder when 78968 is divided by 12.
8
What is the remainder when 735 is divided by 275?
185
Calculate the remainder when 2548 is divided by 34.
32
Calculate the remainder when 116722 is divided by 1156.
1122
What is the remainder when 891927 is divided by 195?
192
Calculate the remainder when 124781 is divided by 62384.
13
Calculate the remainder when 2784 is divided by 723.
615
Calculate the remainder when 7815939 is divided by 1086.
1083
Calculate the remainder when 1095 is divided by 216.
15
Calculate the remainder when 576482 is divided by 110.
82
Calculate the remainder when 51851 is divided by 139.
4
What is the remainder when 14169 is divided by 644?
1
What is the remainder when 46994 is divided by 8?
2
Calculate the remainder when 14855 is divided by 826.
813
What is the remainder when 1432 is divided by 201?
25
What is the remainder when 246237 is divided by 18?
15
Calculate the remainder when 29003 is divided by 271.
6
What is the remainder when 15899 is divided by 265?
264
What is the remainder when 20929 is divided by 73?
51
Calculate the remainder when 18198 is divided by 700.
698
Calculate the remainder when 1198582 is divided by 108.
106
Calculate the remainder when 2996 is divided by 38.
32
What is the remainder when 175147 is divided by 17?
13
What is the remainder when 3280 is divided by 37?
24
Calculate the remainder when 140891 is divided by 23460.
131
Calculate the remainder when 143445 is divided by 258.
255
Calculate the remainder when 1433 is divided by 85.
73
What is the remainder when 17748 is divided by 28?
24
What is the remainder when 113376 is divided by 713?
9
What is the remainder when 3951 is divided by 36?
27
What is the remainder when 85598 is divided by 80?
78
Calculate the remainder when 1698 is divided by 558.
24
What is the remainder when 3399 is divided by 1693?
13
Calculate the remainder when 888552 is divided by 74046.
0
What is the remainder when 5137 is divided by 1688?
73
What is the remainder when 124871 is divided by 946?
945
What is the remainder when 10486 is divided by 1174?
1094
Calculate the remainder when 913 is divided by 58.
43
What is the remainder when 104824 is divided by 104?
96
What is the remainder when 55866 is divided by 2067?
57
What is the remainder when 884733 is divided by 5?
3
What is the remainder when 346922 is divided by 173447?
28
What is the remainder when 1371 is divided by 427?
90
Calculate the remainder when 27259 is divided by 125.
9
Calculate the remainder when 10608 is divided by 90.
78
Calculate the remainder when 39269 is divided by 9805.
49
What is the remainder when 948 is divided by 142?
96
Calculate the remainder when 92626 is divided by 6.
4
Calculate the remainder when 1092 is divided by 1070.
22
Calculate the remainder when 13163 is divided by 27.
14
Calculate the remainder when 163597 is divided by 40895.
17
Calculate the remainder when 3997 is divided by 3636.
361
Calculate the remainder when 187808 is divided by 221.
179
Calculate the remainder when 7719 is divided by 160.
39
What is the remainder when 26716 is divided by 90?
76
Calculate the remainder when 95996 is divided by 29.
6
Calculate the remainder when 2085 is divided by 2074.
11
Calculate the remainder when 138325 is divided by 870.
865
Calculate the remainder when 5278 is divided by 56.
14
Calculate the remainder when 757743 is divided by 16.
15
What is the remainder when 27821 is divided by 48?
29
Calculate the remainder when 41784 is divided by 3797.
17
Calculate the remainder when 893431 is divided by 5619.
10
Calculate the remainder when 547 is divided by 92.
87
What is the remainder when 11787 is divided by 251?
241
What is the remainder when 560831 is divided by 43140?
11
Calculate the remainder when 26832 is divided by 764.
92
What is the remainder when 254741 is divided by 108?
77
Calculate the remainder when 900455 is divided by 11.
6
Calculate the remainder when 31922 is divided by 240.
2
Calculate the remainder when 19851 is divided by 19722.
129
What is the remainder when 155722 is divided by 4?
2
Calculate the remainder when 1649 is divided by 162.
29
What is the remainder when 28220 is divided by 9404?
8
Calculate the remainder when 3132226 is